Calculate the highest common divisor of 60 and 45.
15
What is the greatest common divisor of 784 and 16?
16
What is the greatest common divisor of 50 and 6770?
10
Calculate the highest common factor of 128 and 32.
32
Calculate the highest common factor of 10 and 17130.
10
Calculate the highest common divisor of 132 and 28.
4
Calculate the highest common factor of 9512 and 123.
41
What is the highest common divisor of 7 and 959?
7
What is the greatest common factor of 7 and 5999?
7
What is the highest common divisor of 147 and 4018?
49
What is the greatest common divisor of 1989 and 26?
13
Calculate the greatest common factor of 22923 and 283.
283
What is the highest common divisor of 1560 and 96?
24
Calculate the highest common divisor of 20 and 250.
10
Calculate the highest common divisor of 522 and 234.
18
Calculate the greatest common factor of 1037 and 68.
17
What is the highest common factor of 140 and 2240?
140
Calculate the greatest common factor of 48 and 1088.
16
What is the greatest common divisor of 456 and 784?
8
What is the highest common divisor of 176 and 48?
16
Calculate the highest common divisor of 25 and 3695.
5
Calculate the greatest common factor of 1445 and 20.
5
Calculate the highest common factor of 1157 and 8455.
89
Calculate the greatest common divisor of 1248 and 60.
12
Calculate the greatest common factor of 336 and 48.
48
Calculate the highest common factor of 350 and 280.
70
Calculate the greatest common divisor of 52 and 68.
4
Calculate the highest common divisor of 440 and 264.
88
Calculate the highest common divisor of 248 and 9300.
124
Calculate the highest common divisor of 264 and 48.
24
Calculate the highest common factor of 204 and 13668.
204
Calculate the highest common factor of 18 and 378.
18
What is the greatest common divisor of 1408 and 22?
22
What is the greatest common factor of 168 and 112?
56
What is the greatest common divisor of 3395 and 14?
7
What is the highest common factor of 30 and 610?
10
Calculate the greatest common divisor of 1611 and 9.
9
Calculate the greatest common divisor of 114 and 38.
38
What is the highest common divisor of 34 and 578?
34
What is the highest common divisor of 1854 and 18?
18
Calculate the greatest common divisor of 1 and 1873.
1
Calculate the greatest common divisor of 77 and 805.
7
What is the highest common divisor of 8 and 188?
4
Calculate the greatest common factor of 28 and 966.
14
Calculate the highest common factor of 143 and 52.
13
What is the highest common factor of 358 and 2?
2
What is the highest common factor of 329 and 47?
47
What is the highest common factor of 176 and 240?
16
Calculate the highest common divisor of 300 and 2445.
15
What is the highest common factor of 176 and 22?
22
Calculate the greatest common divisor of 3210 and 2.
2
What is the greatest common factor of 4810 and 3330?
370
What is the highest common factor of 6924 and 48?
12
What is the greatest common factor of 17 and 1?
1
Calculate the highest common divisor of 319 and 990.
11
Calculate the highest common factor of 2268 and 28.
28
What is the highest common factor of 84 and 1932?
84
What is the highest common divisor of 172 and 731?
43
What is the highest common factor of 176 and 48?
16
Calculate the highest common divisor of 260 and 172.
4
Calculate the highest common factor of 105 and 63.
21
What is the highest common divisor of 23 and 7199?
23
Calculate the greatest common divisor of 3 and 74.
1
Calculate the highest common factor of 1228 and 8.
4
What is the greatest common divisor of 20 and 50?
10
What is the greatest common divisor of 15 and 705?
15
What is the highest common factor of 512 and 1216?
64
What is the highest common divisor of 22 and 1342?
22
Calculate the highest common divisor of 14 and 511.
7
What is the highest common divisor of 198 and 16?
2
Calculate the greatest common divisor of 71 and 1917.
71
Calculate the greatest common factor of 21 and 84.
21
What is the greatest common factor of 8 and 2020?
4
Calculate the highest common divisor of 208 and 40.
8
What is the greatest common divisor of 18 and 3114?
18
What is the highest common factor of 1116 and 21?
3
What is the highest common factor of 40 and 340?
20
What is the greatest common factor of 1 and 491?
1
What is the highest common divisor of 380 and 95?
95
What is the highest common factor of 2022 and 24?
6
Calculate the highest common divisor of 510 and 2856.
102
Calculate the greatest common divisor of 39 and 559.
13
Calculate the greatest common divisor of 175 and 56.
7
Calculate the greatest common factor of 5913 and 146.
73
Calculate the highest common factor of 62 and 74.
2
What is the greatest common divisor of 17 and 1207?
17
Calculate the highest common factor of 377 and 29.
29
Calculate the greatest common divisor of 72 and 342.
18
What is the greatest common factor of 18 and 2142?
18
What is the highest common factor of 651 and 21?
21
Calculate the highest common divisor of 114 and 384.
6
What is the greatest common factor of 2366 and 26?
26
Calculate the highest common factor of 40 and 180.
20
Calculate the highest common factor of 279 and 261.
9
Calculate the highest common factor of 1898 and 182.
26
What is the greatest common divisor of 6 and 318?
6
What is the highest common divisor of 1150 and 1350?
50
What is the highest common divisor of 546 and 78?
78
Calculate the highest common factor of 102 and 68.
34
What is the greatest common divisor of 198 and 11?
11
Calculate the greatest common divisor of 909 and 9.
9
Calculate the highest common factor of 112 and 24808.
56
Calculate the highest common factor of 2445 and 30.
15
What is the highest common factor of 35 and 658?
7
What is the highest common divisor of 135 and 120?
15
What is the greatest common divisor of 15 and 480?
15
Calculate the highest common factor of 85 and 70.
5
Calculate the greatest common factor of 864 and 27.
27
Calculate the highest common divisor of 17018 and 268.
134
Calculate the highest common factor of 1230 and 15.
15
Calculate the greatest common factor of 8 and 8408.
8
What is the greatest common factor of 1513 and 178?
89
Calculate the greatest common factor of 3871 and 49.
49
What is the greatest common divisor of 245 and 175?
35
What is the highest common divisor of 72 and 36?
36
Calculate the highest common divisor of 492 and 1148.
164
What is the highest common factor of 55 and 11?
11
Calculate the greatest common factor of 1595 and 385.
55
Calculate the highest common factor of 76 and 40.
4
What is the greatest common factor of 1460 and 100?
20
Calculate the highest common divisor of 2838 and 198.
66
Calculate the greatest common factor of 3652 and 396.
44
What is the greatest common factor of 6431 and 59?
59
Calculate the highest common divisor of 13 and 9.
1
Calculate the highest common factor of 195 and 5967.
39
What is the greatest common divisor of 2697 and 1209?
93
Calculate the greatest common factor of 24 and 472.
8
Calculate the greatest common factor of 215 and 129.
43
Calculate the highest common factor of 870 and 120.
30
What is the highest common divisor of 66 and 1914?
66
What is the highest common factor of 231 and 1001?
77
What is the greatest common factor of 44 and 88?
44
Calculate the highest common divisor of 22 and 13178.
22
Calculate the greatest common divisor of 27 and 9.
9
What is the greatest common factor of 38 and 95?
19
Calculate the highest common factor of 54 and 24.
6
What is the highest common factor of 4225 and 25?
25
Calculate the highest common factor of 44 and 3652.
44
Calculate the greatest common divisor of 24 and 24.
24
What is the greatest common divisor of 209 and 11?
11
Calculate the highest common divisor of 1633 and 184.
23
Calculate the highest common divisor of 204 and 48.
12
What is the greatest common divisor of 800 and 1264?
16
Calculate the greatest common divisor of 240 and 9.
3
Calculate the greatest common divisor of 1272 and 456.
24
Calculate the highest common divisor of 448 and 14.
14
What is the highest common divisor of 16 and 76?
4
Calculate the greatest common divisor of 40 and 3090.
10
What is the greatest common factor of 44 and 13607?
11
Calculate the highest common divisor of 871 and 182.
13
What is the greatest common fact